{"id":34,"date":"2022-03-28T15:00:59","date_gmt":"2022-03-28T15:00:59","guid":{"rendered":"https:\/\/dil-93.hr\/cro\/?page_id=34"},"modified":"2024-05-08T09:20:16","modified_gmt":"2024-05-08T07:20:16","slug":"evidencija-godisnjih-odmora","status":"publish","type":"page","link":"https:\/\/dil-93.hr\/cro\/evidencija-godisnjih-odmora\/","title":{"rendered":"Evidencija godi\u0161njih odmora"},"content":{"rendered":"<style>.kb-row-layout-id34_b68f73-3f > .kt-row-column-wrap{align-content:start;}:where(.kb-row-layout-id34_b68f73-3f > .kt-row-column-wrap) > .wp-block-kadence-column{justify-content:start;}.kb-row-layout-id34_b68f73-3f > .kt-row-column-wrap{column-gap:var(--global-kb-gap-md, 2rem);row-gap:var(--global-kb-gap-md, 2rem);max-width:var( --global-content-width, 1290px );padding-left:var(--global-content-edge-padding);padding-right:var(--global-content-edge-padding);padding-top:var(--global-kb-spacing-sm, 1.5rem);padding-bottom:var(--global-kb-spacing-sm, 1.5rem);grid-template-columns:minmax(0, 1fr);}.kb-row-layout-id34_b68f73-3f > .kt-row-layout-overlay{opacity:0.30;}@media all and (max-width: 1024px){.kb-row-layout-id34_b68f73-3f > .kt-row-column-wrap{grid-template-columns:minmax(0, 1fr);}}@media all and (max-width: 767px){.kb-row-layout-id34_b68f73-3f > .kt-row-column-wrap{grid-template-columns:minmax(0, 1fr);}}<\/style><div class=\"kb-row-layout-wrap kb-row-layout-id34_b68f73-3f alignnone wp-block-kadence-rowlayout\"><div class=\"kt-row-column-wrap kt-has-1-columns kt-row-layout-equal kt-tab-layout-inherit kt-mobile-layout-row kt-row-valign-top kb-theme-content-width\">\n<style>.kadence-column34_0ea1f4-94 > .kt-inside-inner-col,.kadence-column34_0ea1f4-94 > .kt-inside-inner-col:before{border-top-left-radius:0px;border-top-right-radius:0px;border-bottom-right-radius:0px;border-bottom-left-radius:0px;}.kadence-column34_0ea1f4-94 > .kt-inside-inner-col{column-gap:var(--global-kb-gap-sm, 1rem);}.kadence-column34_0ea1f4-94 > .kt-inside-inner-col{flex-direction:column;}.kadence-column34_0ea1f4-94 > .kt-inside-inner-col > .aligncenter{width:100%;}.kadence-column34_0ea1f4-94 > .kt-inside-inner-col:before{opacity:0.3;}.kadence-column34_0ea1f4-94{position:relative;}@media all and (max-width: 1024px){.kadence-column34_0ea1f4-94 > .kt-inside-inner-col{flex-direction:column;justify-content:center;}}@media all and (max-width: 767px){.kadence-column34_0ea1f4-94 > .kt-inside-inner-col{flex-direction:column;justify-content:center;}}<\/style>\n<div class=\"wp-block-kadence-column kadence-column34_0ea1f4-94\"><div class=\"kt-inside-inner-col\">\n<div class=\"wp-block-group is-vertical is-layout-flex wp-container-core-group-is-layout-8cf370e7 wp-block-group-is-layout-flex\">\n<div class=\"wp-block-columns alignwide are-vertically-aligned-center is-layout-flex wp-container-core-columns-is-layout-9d6595d7 wp-block-columns-is-layout-flex\">\n<div class=\"wp-block-column is-vertically-aligned-center is-layout-flow wp-block-column-is-layout-flow\" style=\"flex-basis:50%\"><style>.kb-advanced-slider-34_18286e-dd .kb-slider-size-fixed .kb-advanced-slide-inner-wrap{min-height:500px;}.kb-advanced-slider-34_18286e-dd .kb-slider-pause-button{color:#fff;background-color:rgba(0, 0, 0, 0.8);border:1px solid transparent;}<\/style><div class=\"kb-advanced-slider kb-advanced-slider-34_18286e-dd wp-block-kadence-slider\"><div class=\"kb-advanced-slider-inner-contain kb-adv-slider-html-version-2\"><div class=\"kb-blocks-advanced-carousel kt-blocks-carousel kt-carousel-container-dotstyle-dark\"><div class=\"kb-blocks-advanced-slider-init kb-slider-loading kb-blocks-slider kt-carousel-arrowstyle-whiteondark kt-carousel-dotstyle-dark kb-slider-size-fixed kb-slider-type-slider kb-slider-ratio-12-5 kb-slider-group-arrow kb-slider-arrow-position-center kb-slider-tab-ratio-inherit kb-slider-mobile-ratio-inherit splide kb-splide  kb-slider-version-2\" aria-label=\"Slider content\" data-slider-center-mode=\"true\" data-slider-type=\"slider\" data-loop-type=\"loop\" data-columns-xxl=\"3\" data-columns-xl=\"3\" data-columns-md=\"3\" data-columns-sm=\"2\" data-columns-xs=\"1\" data-columns-ss=\"1\" data-slider-anim-speed=\"400\" data-slider-scroll=\"1\" data-slider-fade=\"true\" data-slider-arrows=\"true\" data-slider-dots=\"true\" data-slider-hover-pause=\"false\" data-slider-auto=\"true\"  data-dragging=\"true\" data-slider-speed=\"2000\" data-slider-gap=\"30\" data-slider-gap-tablet=\"30\" data-slider-gap-mobile=\"30\" data-slider-gap-unit=\"px\"><div class=\"splide__track\"><ul class=\"splide__list\">\n\n<div class=\"wp-block-kadence-slide kb-advanced-slide-item kb-slide-34_c87503-fe\"><div class=\"kb-advanced-slide\"><div class=\"kb-advanced-slide-inner-wrap\"><div class=\"kb-advanced-slide-inner\"><\/div><\/div><\/div><\/div>\n\n\n\n<div class=\"wp-block-kadence-slide kb-advanced-slide-item kb-slide-34_8243a8-e7\"><div class=\"kb-advanced-slide\"><div class=\"kb-advanced-slide-inner-wrap\"><div class=\"kb-advanced-slide-inner\"><\/div><\/div><\/div><\/div>\n\n<\/ul><\/div><\/div><\/div><\/div><\/div><\/div>\n\n\n\n<div class=\"wp-block-column is-vertically-aligned-center is-layout-flow wp-block-column-is-layout-flow\" style=\"flex-basis:50%\"><style>.wp-block-kadence-advancedheading.kt-adv-heading34_253412-b9, .wp-block-kadence-advancedheading.kt-adv-heading34_253412-b9[data-kb-block=\"kb-adv-heading34_253412-b9\"]{font-style:normal;}.wp-block-kadence-advancedheading.kt-adv-heading34_253412-b9 mark.kt-highlight, .wp-block-kadence-advancedheading.kt-adv-heading34_253412-b9[data-kb-block=\"kb-adv-heading34_253412-b9\"] mark.kt-highlight{font-style:normal;color:#f76a0c;-webkit-box-decoration-break:clone;box-decoration-break:clone;padding-top:0px;padding-right:0px;padding-bottom:0px;padding-left:0px;}.wp-block-kadence-advancedheading.kt-adv-heading34_253412-b9 img.kb-inline-image, .wp-block-kadence-advancedheading.kt-adv-heading34_253412-b9[data-kb-block=\"kb-adv-heading34_253412-b9\"] img.kb-inline-image{width:150px;vertical-align:baseline;}<\/style>\n<h1 class=\"kt-adv-heading34_253412-b9 wp-block-kadence-advancedheading\" data-kb-block=\"kb-adv-heading34_253412-b9\">Evidencija godi\u0161njih odmora<\/h1>\n\n\n\n<p>WEB APLIKACIJA<\/p>\n\n\n\n<p>Web aplikacija Evidencija godi\u0161njih odmora slu\u017ei za predavanje zahtjeva te odobravanje\/odbijanje termina godi\u0161njih odmora.<\/p>\n\n\n\n<p>Evidencija zahtjeva, odobrenja i iskori\u0161tenosti godi\u0161njeg odmora mo\u017ee se pretvoriti u no\u0107nu moru ako nemate odgovaraju\u0107i alat. Iako se problematika \u010dini jednostavna tra\u017ei precizno definiran postupak na centralnom mjestu, da bi se postupci i evidencija godi\u0161njih odmora odvijali transparentno sa minimalno truda i vremena.<\/p>\n\n\n\n<p>Sa na\u0161om aplikacijom za Evidenciju godi\u0161njih odmora u oblaku dobivate maksimalno jednostavno i efikasno rje\u0161enje i automatski ispis odluka o kori\u0161tenju godi\u0161njeg odmora.<\/p>\n<\/div>\n<\/div>\n\n\n\n<ul class=\"wp-block-list\">\n<li>Grafi\u010dki prikaz preklapanja termina godi\u0161njih odmora dostupan djelatnicima i voditeljima<\/li>\n\n\n\n<li>Unaprijed definirane tekstove zahtjeva i odobrenja\/odbijanja sa automatskim slanjem na mail djelatnika koji tra\u017ei godi\u0161nji odmor i voditelju koji odobrava termin godi\u0161njeg odmora.<\/li>\n\n\n\n<li>Mogu\u0107nost unosa bolovanja za svakog djelatnika, \u0161to se tako\u0111er vidi na kalendaru i voditeljima je upozorenje da u tom terminu trebaju pa\u017eljivije odobravati godi\u0161nji odmor.<\/li>\n\n\n\n<li>Prikaz ugovorenih dana godi\u0161njeg odmora, donos starog godi\u0161njeg, broj iskori\u0161tenih dana, broj preostalih dana za svakog djelatnika<\/li>\n\n\n\n<li>Mati\u010dna evidencija radnika<\/li>\n\n\n\n<li>Podaci o iskori\u0161tenim terminima godi\u0161njih odmora uvoze se u&nbsp;<a href=\"https:\/\/dil-93.hr\/cro\/obracun-placa\/\">program za obra\u010dun pla\u0107a<\/a><\/li>\n\n\n\n<li>Mati\u010dna evidencija radnika mo\u017ee se uvesti iz programa za obra\u010dun pla\u0107a, nije potrebno upisivanje djelatnika u Evidenciju godi\u0161njih odmora.<\/li>\n\n\n\n<li>Ispis odluka o kori\u0161tenju godi\u0161njeg odmora<\/li>\n<\/ul>\n\n\n\n<h5 class=\"wp-block-heading\" id=\"h-tijek-rada-aplikacije\"><br>Tijek rada aplikacije:<\/h5>\n\n\n<style>.kb-advanced-slider-34_11c468-7a .kb-slider-size-fixed .kb-advanced-slide-inner-wrap{min-height:500px;}.kb-advanced-slider-34_11c468-7a .kb-slider-pause-button{color:#fff;background-color:rgba(0, 0, 0, 0.8);border:1px solid transparent;}<\/style><div class=\"kb-advanced-slider kb-advanced-slider-34_11c468-7a wp-block-kadence-slider\"><div class=\"kb-advanced-slider-inner-contain kb-adv-slider-html-version-2\"><div class=\"kb-blocks-advanced-carousel kt-blocks-carousel kt-carousel-container-dotstyle-dark\"><div class=\"kb-blocks-advanced-slider-init kb-slider-loading kb-blocks-slider kt-carousel-arrowstyle-whiteondark kt-carousel-dotstyle-dark kb-slider-size-fixed kb-slider-type-slider kb-slider-ratio-12-5 kb-slider-group-arrow kb-slider-arrow-position-center kb-slider-tab-ratio-inherit kb-slider-mobile-ratio-inherit splide kb-splide  kb-slider-version-2\" aria-label=\"Slider content\" data-slider-center-mode=\"true\" data-slider-type=\"slider\" data-loop-type=\"loop\" data-columns-xxl=\"3\" data-columns-xl=\"3\" data-columns-md=\"3\" data-columns-sm=\"2\" data-columns-xs=\"1\" data-columns-ss=\"1\" data-slider-anim-speed=\"400\" data-slider-scroll=\"1\" data-slider-fade=\"true\" data-slider-arrows=\"true\" data-slider-dots=\"true\" data-slider-hover-pause=\"false\" data-slider-auto=\"true\"  data-dragging=\"true\" data-slider-speed=\"2000\" data-slider-gap=\"30\" data-slider-gap-tablet=\"30\" data-slider-gap-mobile=\"30\" data-slider-gap-unit=\"px\"><div class=\"splide__track\"><ul class=\"splide__list\">\n\n<div class=\"wp-block-kadence-slide kb-advanced-slide-item kb-slide-34_bbff54-ea\"><div class=\"kb-advanced-slide\"><div class=\"kb-advanced-slide-inner-wrap\"><div class=\"kb-advanced-slide-inner\"><style>.kt-sc34_8a3364-44 .kt-sc-imgcol, .kt-sc34_8a3364-44 .kt-sc-textcol{min-height:450px;}.kt-sc34_8a3364-44 .kt-sc-textcol{padding-top:24px;padding-right:24px;padding-bottom:24px;padding-left:24px;margin-top:0px;margin-right:0px;margin-bottom:0px;margin-left:0px;}@media all and (max-width: 767px){.kt-sc34_8a3364-44 .kt-sc-imgcol, .kt-sc34_8a3364-44 .kt-sc-textcol{min-height:450px;}}<\/style>\n<div class=\"aligncenter kt-sc34_8a3364-44 wp-block-kadence-splitcontent\"><div class=\"kt-split-content-wrap kt-sc-media-side-left\" style=\"grid-template-columns:50% auto\"><div class=\"kt-sc-imgcol kt-sc-imgcol-bg-auto kt-sc-img-side-left\"><figure class=\"kt-split-content-media-image wp-image-container-2976\"><img loading=\"lazy\" decoding=\"async\" src=\"https:\/\/dil-93.hr\/cro\/wp-content\/uploads\/2023\/08\/EGO_-SLIDER_1_predaja-zahtjeva.jpg\" alt=\"\" width=\"510\" height=\"350\" class=\"kt-split-content-img wp-image-2976\" srcset=\"https:\/\/dil-93.hr\/cro\/wp-content\/uploads\/2023\/08\/EGO_-SLIDER_1_predaja-zahtjeva.jpg 510w, https:\/\/dil-93.hr\/cro\/wp-content\/uploads\/2023\/08\/EGO_-SLIDER_1_predaja-zahtjeva-300x206.jpg 300w\" sizes=\"auto, (max-width: 510px) 100vw, 510px\" \/><\/figure><\/div><div class=\"kt-sc-textcol kt-sc-text-valign-center kt-sc-text-halign-center\"><div class=\"kt-sc-innter-col\">\n<h2 class=\"wp-block-heading has--font-size\" id=\"h-1\">1.<\/h2>\n\n\n\n<p class=\"has-text-align-left\">RADNIK POSTAVLJA ZAHTJEV U APLIKACIJI.<\/p>\n<\/div><\/div><\/div><\/div>\n<\/div><\/div><\/div><\/div>\n\n\n\n<div class=\"wp-block-kadence-slide kb-advanced-slide-item kb-slide-34_612b0e-e7\"><div class=\"kb-advanced-slide\"><div class=\"kb-advanced-slide-inner-wrap\"><div class=\"kb-advanced-slide-inner\"><style>.kt-sc34_358192-b6 .kt-sc-imgcol, .kt-sc34_358192-b6 .kt-sc-textcol{min-height:450px;}.kt-sc34_358192-b6 .kt-sc-textcol{padding-top:24px;padding-right:24px;padding-bottom:24px;padding-left:24px;margin-top:0px;margin-right:0px;margin-bottom:0px;margin-left:0px;}@media all and (max-width: 767px){.kt-sc34_358192-b6 .kt-sc-imgcol, .kt-sc34_358192-b6 .kt-sc-textcol{min-height:450px;}}<\/style>\n<div class=\"aligncenter kt-sc34_358192-b6 wp-block-kadence-splitcontent\"><div class=\"kt-split-content-wrap kt-sc-media-side-left\" style=\"grid-template-columns:50% auto\"><div class=\"kt-sc-imgcol kt-sc-imgcol-bg-auto kt-sc-img-side-left\"><figure class=\"kt-split-content-media-image wp-image-container-2977\"><img loading=\"lazy\" decoding=\"async\" src=\"https:\/\/dil-93.hr\/cro\/wp-content\/uploads\/2023\/08\/EGO_-SLIDER_2_ceka_odobrenje.jpg\" alt=\"\" width=\"510\" height=\"350\" class=\"kt-split-content-img wp-image-2977\" srcset=\"https:\/\/dil-93.hr\/cro\/wp-content\/uploads\/2023\/08\/EGO_-SLIDER_2_ceka_odobrenje.jpg 510w, https:\/\/dil-93.hr\/cro\/wp-content\/uploads\/2023\/08\/EGO_-SLIDER_2_ceka_odobrenje-300x206.jpg 300w\" sizes=\"auto, (max-width: 510px) 100vw, 510px\" \/><\/figure><\/div><div class=\"kt-sc-textcol kt-sc-text-valign-center kt-sc-text-halign-center\"><div class=\"kt-sc-innter-col\">\n<h2 class=\"wp-block-heading has--font-size\" id=\"h-2\">2.<\/h2>\n\n\n\n<p class=\"has-text-align-left\">VODITELJ ZAPRIMA ZAHTJEV NA MAIL TE U APLIKACIJI ODOBRAVA \/ ODBIJA ZAHTJEV<\/p>\n<\/div><\/div><\/div><\/div>\n<\/div><\/div><\/div><\/div>\n\n\n\n<div class=\"wp-block-kadence-slide kb-advanced-slide-item kb-slide-34_050c2d-63\"><div class=\"kb-advanced-slide\"><div class=\"kb-advanced-slide-inner-wrap\"><div class=\"kb-advanced-slide-inner\"><style>.kt-sc34_592843-cb .kt-sc-imgcol, .kt-sc34_592843-cb .kt-sc-textcol{min-height:450px;}.kt-sc34_592843-cb .kt-sc-textcol{padding-top:24px;padding-right:24px;padding-bottom:24px;padding-left:24px;margin-top:0px;margin-right:0px;margin-bottom:0px;margin-left:0px;}@media all and (max-width: 767px){.kt-sc34_592843-cb .kt-sc-imgcol, .kt-sc34_592843-cb .kt-sc-textcol{min-height:450px;}}<\/style>\n<div class=\"aligncenter kt-sc34_592843-cb wp-block-kadence-splitcontent\"><div class=\"kt-split-content-wrap kt-sc-media-side-left\" style=\"grid-template-columns:50% auto\"><div class=\"kt-sc-imgcol kt-sc-imgcol-bg-auto kt-sc-img-side-left\"><figure class=\"kt-split-content-media-image wp-image-container-2978\"><img loading=\"lazy\" decoding=\"async\" src=\"https:\/\/dil-93.hr\/cro\/wp-content\/uploads\/2023\/08\/EGO_-SLIDER_3_status.jpg\" alt=\"\" width=\"510\" height=\"350\" class=\"kt-split-content-img wp-image-2978\" srcset=\"https:\/\/dil-93.hr\/cro\/wp-content\/uploads\/2023\/08\/EGO_-SLIDER_3_status.jpg 510w, https:\/\/dil-93.hr\/cro\/wp-content\/uploads\/2023\/08\/EGO_-SLIDER_3_status-300x206.jpg 300w\" sizes=\"auto, (max-width: 510px) 100vw, 510px\" \/><\/figure><\/div><div class=\"kt-sc-textcol kt-sc-text-valign-center kt-sc-text-halign-center\"><div class=\"kt-sc-innter-col\">\n<h2 class=\"wp-block-heading has--font-size\" id=\"h-3\">3.<\/h2>\n\n\n\n<p class=\"has-text-align-left\">U APLIKACIJI SE MIJENJA STATUS IZ \u2018\u010cEKA ODOBRENJE\u2019 U \u2018ODOBRENO\u2019 ILI \u2018ODBIJENO\u2019 A DJELATNIK DOBIVA OBAVIJEST O PROMJENI STATUSA NA MAIL.<\/p>\n<\/div><\/div><\/div><\/div>\n<\/div><\/div><\/div><\/div>\n\n\n\n<div class=\"wp-block-kadence-slide kb-advanced-slide-item kb-slide-34_a4fd87-78\"><div class=\"kb-advanced-slide\"><div class=\"kb-advanced-slide-inner-wrap\"><div class=\"kb-advanced-slide-inner\"><style>.kt-sc34_eb7bbc-24 .kt-sc-imgcol, .kt-sc34_eb7bbc-24 .kt-sc-textcol{min-height:450px;}.kt-sc34_eb7bbc-24 .kt-sc-textcol{padding-top:24px;padding-right:24px;padding-bottom:24px;padding-left:24px;margin-top:0px;margin-right:0px;margin-bottom:0px;margin-left:0px;}@media all and (max-width: 767px){.kt-sc34_eb7bbc-24 .kt-sc-imgcol, .kt-sc34_eb7bbc-24 .kt-sc-textcol{min-height:450px;}}<\/style>\n<div class=\"aligncenter kt-sc34_eb7bbc-24 wp-block-kadence-splitcontent\"><div class=\"kt-split-content-wrap kt-sc-media-side-left\" style=\"grid-template-columns:50% auto\"><div class=\"kt-sc-imgcol kt-sc-imgcol-bg-auto kt-sc-img-side-left\"><figure class=\"kt-split-content-media-image wp-image-container-2979\"><img loading=\"lazy\" decoding=\"async\" src=\"https:\/\/dil-93.hr\/cro\/wp-content\/uploads\/2023\/08\/EGO_-SLIDER_4_kalendar.jpg\" alt=\"\" width=\"510\" height=\"350\" class=\"kt-split-content-img wp-image-2979\" srcset=\"https:\/\/dil-93.hr\/cro\/wp-content\/uploads\/2023\/08\/EGO_-SLIDER_4_kalendar.jpg 510w, https:\/\/dil-93.hr\/cro\/wp-content\/uploads\/2023\/08\/EGO_-SLIDER_4_kalendar-300x206.jpg 300w\" sizes=\"auto, (max-width: 510px) 100vw, 510px\" \/><\/figure><\/div><div class=\"kt-sc-textcol kt-sc-text-valign-center kt-sc-text-halign-center\"><div class=\"kt-sc-innter-col\">\n<h2 class=\"wp-block-heading has--font-size\" id=\"h-4\">4.<\/h2>\n\n\n\n<p class=\"has-text-align-left\"><br>SVI DJELATNICI NA KALENDARU U APLIKACIJI VIDE TKO I KADA NE\u0106E BITI NA POSLU.<\/p>\n<\/div><\/div><\/div><\/div>\n<\/div><\/div><\/div><\/div>\n\n<\/ul><\/div><\/div><\/div><\/div><\/div><\/div>\n<\/div><\/div>\n\n<\/div><\/div>","protected":false},"excerpt":{"rendered":"<p>hrvoje xxx<\/p>\n","protected":false},"author":2,"featured_media":0,"parent":0,"menu_order":0,"comment_status":"closed","ping_status":"closed","template":"","meta":{"_kad_blocks_custom_css":"","_kad_blocks_head_custom_js":"","_kad_blocks_body_custom_js":"","_kad_blocks_footer_custom_js":"","_kadence_starter_templates_imported_post":false,"_kad_post_transparent":"","_kad_post_title":"","_kad_post_layout":"","_kad_post_sidebar_id":"","_kad_post_content_style":"","_kad_post_vertical_padding":"","_kad_post_feature":"","_kad_post_feature_position":"","_kad_post_header":false,"_kad_post_footer":false,"_kad_post_classname":"","footnotes":""},"class_list":["post-34","page","type-page","status-publish","hentry"],"yoast_head":"<!-- This site is optimized with the Yoast SEO Premium plugin v19.5 (Yoast SEO v27.4) - https:\/\/yoast.com\/product\/yoast-seo-premium-wordpress\/ -->\n<title>Evidencija godi\u0161njih odmora - Dil-93<\/title>\n<meta name=\"description\" content=\"Evidencija godi\u0161njih odmora i odluka o kori\u0161tenju godi\u0161njih odmora, program u oblaku za efikasno i jednostavno vo\u0111enje svih potreba za G.O.\" \/>\n<meta name=\"robots\" content=\"index, follow, max-snippet:-1, max-image-preview:large, max-video-preview:-1\" \/>\n<link rel=\"canonical\" href=\"https:\/\/dil-93.hr\/cro\/evidencija-godisnjih-odmora\/\" \/>\n<meta property=\"og:locale\" content=\"hr_HR\" \/>\n<meta property=\"og:type\" content=\"article\" \/>\n<meta property=\"og:title\" content=\"Evidencija godi\u0161njih odmora\" \/>\n<meta property=\"og:description\" content=\"Evidencija godi\u0161njih odmora i odluka o kori\u0161tenju godi\u0161njih odmora, program u oblaku za efikasno i jednostavno vo\u0111enje svih potreba za G.O.\" \/>\n<meta property=\"og:url\" content=\"https:\/\/dil-93.hr\/cro\/evidencija-godisnjih-odmora\/\" \/>\n<meta property=\"og:site_name\" content=\"Dil-93\" \/>\n<meta property=\"article:modified_time\" content=\"2024-05-08T07:20:16+00:00\" \/>\n<meta property=\"og:image\" content=\"https:\/\/dil-93.hr\/cro\/wp-content\/uploads\/2023\/08\/EGO_-SLIDER_1_predaja-zahtjeva.jpg\" \/>\n<meta name=\"twitter:card\" content=\"summary_large_image\" \/>\n<meta name=\"twitter:label1\" content=\"Procijenjeno vrijeme \u010ditanja\" \/>\n\t<meta name=\"twitter:data1\" content=\"3 minute\" \/>\n<script type=\"application\/ld+json\" class=\"yoast-schema-graph\">{\"@context\":\"https:\\\/\\\/schema.org\",\"@graph\":[{\"@type\":\"WebPage\",\"@id\":\"https:\\\/\\\/dil-93.hr\\\/cro\\\/evidencija-godisnjih-odmora\\\/\",\"url\":\"https:\\\/\\\/dil-93.hr\\\/cro\\\/evidencija-godisnjih-odmora\\\/\",\"name\":\"Evidencija godi\u0161njih odmora - Dil-93\",\"isPartOf\":{\"@id\":\"https:\\\/\\\/dil-93.hr\\\/cro\\\/#website\"},\"primaryImageOfPage\":{\"@id\":\"https:\\\/\\\/dil-93.hr\\\/cro\\\/evidencija-godisnjih-odmora\\\/#primaryimage\"},\"image\":{\"@id\":\"https:\\\/\\\/dil-93.hr\\\/cro\\\/evidencija-godisnjih-odmora\\\/#primaryimage\"},\"thumbnailUrl\":\"https:\\\/\\\/dil-93.hr\\\/cro\\\/wp-content\\\/uploads\\\/2023\\\/08\\\/EGO_-SLIDER_1_predaja-zahtjeva.jpg\",\"datePublished\":\"2022-03-28T15:00:59+00:00\",\"dateModified\":\"2024-05-08T07:20:16+00:00\",\"description\":\"Evidencija godi\u0161njih odmora i odluka o kori\u0161tenju godi\u0161njih odmora, program u oblaku za efikasno i jednostavno vo\u0111enje svih potreba za G.O.\",\"breadcrumb\":{\"@id\":\"https:\\\/\\\/dil-93.hr\\\/cro\\\/evidencija-godisnjih-odmora\\\/#breadcrumb\"},\"inLanguage\":\"hr\",\"potentialAction\":[{\"@type\":\"ReadAction\",\"target\":[\"https:\\\/\\\/dil-93.hr\\\/cro\\\/evidencija-godisnjih-odmora\\\/\"]}]},{\"@type\":\"ImageObject\",\"inLanguage\":\"hr\",\"@id\":\"https:\\\/\\\/dil-93.hr\\\/cro\\\/evidencija-godisnjih-odmora\\\/#primaryimage\",\"url\":\"https:\\\/\\\/dil-93.hr\\\/cro\\\/wp-content\\\/uploads\\\/2023\\\/08\\\/EGO_-SLIDER_1_predaja-zahtjeva.jpg\",\"contentUrl\":\"https:\\\/\\\/dil-93.hr\\\/cro\\\/wp-content\\\/uploads\\\/2023\\\/08\\\/EGO_-SLIDER_1_predaja-zahtjeva.jpg\",\"width\":510,\"height\":350},{\"@type\":\"BreadcrumbList\",\"@id\":\"https:\\\/\\\/dil-93.hr\\\/cro\\\/evidencija-godisnjih-odmora\\\/#breadcrumb\",\"itemListElement\":[{\"@type\":\"ListItem\",\"position\":1,\"name\":\"Home\",\"item\":\"https:\\\/\\\/dil-93.hr\\\/cro\\\/\"},{\"@type\":\"ListItem\",\"position\":2,\"name\":\"Evidencija godi\u0161njih odmora\"}]},{\"@type\":\"WebSite\",\"@id\":\"https:\\\/\\\/dil-93.hr\\\/cro\\\/#website\",\"url\":\"https:\\\/\\\/dil-93.hr\\\/cro\\\/\",\"name\":\"Dil-93\",\"description\":\"Informati\u010dki in\u017einjering i usluge\",\"publisher\":{\"@id\":\"https:\\\/\\\/dil-93.hr\\\/cro\\\/#organization\"},\"potentialAction\":[{\"@type\":\"SearchAction\",\"target\":{\"@type\":\"EntryPoint\",\"urlTemplate\":\"https:\\\/\\\/dil-93.hr\\\/cro\\\/?s={search_term_string}\"},\"query-input\":{\"@type\":\"PropertyValueSpecification\",\"valueRequired\":true,\"valueName\":\"search_term_string\"}}],\"inLanguage\":\"hr\"},{\"@type\":\"Organization\",\"@id\":\"https:\\\/\\\/dil-93.hr\\\/cro\\\/#organization\",\"name\":\"Dil-93 d.o.o.\",\"url\":\"https:\\\/\\\/dil-93.hr\\\/cro\\\/\",\"logo\":{\"@type\":\"ImageObject\",\"inLanguage\":\"hr\",\"@id\":\"https:\\\/\\\/dil-93.hr\\\/cro\\\/#\\\/schema\\\/logo\\\/image\\\/\",\"url\":\"https:\\\/\\\/dil-93.hr\\\/cro\\\/wp-content\\\/uploads\\\/2022\\\/04\\\/dil_logo_stari_cisti_favicon.png\",\"contentUrl\":\"https:\\\/\\\/dil-93.hr\\\/cro\\\/wp-content\\\/uploads\\\/2022\\\/04\\\/dil_logo_stari_cisti_favicon.png\",\"width\":512,\"height\":512,\"caption\":\"Dil-93 d.o.o.\"},\"image\":{\"@id\":\"https:\\\/\\\/dil-93.hr\\\/cro\\\/#\\\/schema\\\/logo\\\/image\\\/\"}}]}<\/script>\n<!-- \/ Yoast SEO Premium plugin. -->","yoast_head_json":{"title":"Evidencija godi\u0161njih odmora - Dil-93","description":"Evidencija godi\u0161njih odmora i odluka o kori\u0161tenju godi\u0161njih odmora, program u oblaku za efikasno i jednostavno vo\u0111enje svih potreba za G.O.","robots":{"index":"index","follow":"follow","max-snippet":"max-snippet:-1","max-image-preview":"max-image-preview:large","max-video-preview":"max-video-preview:-1"},"canonical":"https:\/\/dil-93.hr\/cro\/evidencija-godisnjih-odmora\/","og_locale":"hr_HR","og_type":"article","og_title":"Evidencija godi\u0161njih odmora","og_description":"Evidencija godi\u0161njih odmora i odluka o kori\u0161tenju godi\u0161njih odmora, program u oblaku za efikasno i jednostavno vo\u0111enje svih potreba za G.O.","og_url":"https:\/\/dil-93.hr\/cro\/evidencija-godisnjih-odmora\/","og_site_name":"Dil-93","article_modified_time":"2024-05-08T07:20:16+00:00","og_image":[{"url":"https:\/\/dil-93.hr\/cro\/wp-content\/uploads\/2023\/08\/EGO_-SLIDER_1_predaja-zahtjeva.jpg","type":"","width":"","height":""}],"twitter_card":"summary_large_image","twitter_misc":{"Procijenjeno vrijeme \u010ditanja":"3 minute"},"schema":{"@context":"https:\/\/schema.org","@graph":[{"@type":"WebPage","@id":"https:\/\/dil-93.hr\/cro\/evidencija-godisnjih-odmora\/","url":"https:\/\/dil-93.hr\/cro\/evidencija-godisnjih-odmora\/","name":"Evidencija godi\u0161njih odmora - Dil-93","isPartOf":{"@id":"https:\/\/dil-93.hr\/cro\/#website"},"primaryImageOfPage":{"@id":"https:\/\/dil-93.hr\/cro\/evidencija-godisnjih-odmora\/#primaryimage"},"image":{"@id":"https:\/\/dil-93.hr\/cro\/evidencija-godisnjih-odmora\/#primaryimage"},"thumbnailUrl":"https:\/\/dil-93.hr\/cro\/wp-content\/uploads\/2023\/08\/EGO_-SLIDER_1_predaja-zahtjeva.jpg","datePublished":"2022-03-28T15:00:59+00:00","dateModified":"2024-05-08T07:20:16+00:00","description":"Evidencija godi\u0161njih odmora i odluka o kori\u0161tenju godi\u0161njih odmora, program u oblaku za efikasno i jednostavno vo\u0111enje svih potreba za G.O.","breadcrumb":{"@id":"https:\/\/dil-93.hr\/cro\/evidencija-godisnjih-odmora\/#breadcrumb"},"inLanguage":"hr","potentialAction":[{"@type":"ReadAction","target":["https:\/\/dil-93.hr\/cro\/evidencija-godisnjih-odmora\/"]}]},{"@type":"ImageObject","inLanguage":"hr","@id":"https:\/\/dil-93.hr\/cro\/evidencija-godisnjih-odmora\/#primaryimage","url":"https:\/\/dil-93.hr\/cro\/wp-content\/uploads\/2023\/08\/EGO_-SLIDER_1_predaja-zahtjeva.jpg","contentUrl":"https:\/\/dil-93.hr\/cro\/wp-content\/uploads\/2023\/08\/EGO_-SLIDER_1_predaja-zahtjeva.jpg","width":510,"height":350},{"@type":"BreadcrumbList","@id":"https:\/\/dil-93.hr\/cro\/evidencija-godisnjih-odmora\/#breadcrumb","itemListElement":[{"@type":"ListItem","position":1,"name":"Home","item":"https:\/\/dil-93.hr\/cro\/"},{"@type":"ListItem","position":2,"name":"Evidencija godi\u0161njih odmora"}]},{"@type":"WebSite","@id":"https:\/\/dil-93.hr\/cro\/#website","url":"https:\/\/dil-93.hr\/cro\/","name":"Dil-93","description":"Informati\u010dki in\u017einjering i usluge","publisher":{"@id":"https:\/\/dil-93.hr\/cro\/#organization"},"potentialAction":[{"@type":"SearchAction","target":{"@type":"EntryPoint","urlTemplate":"https:\/\/dil-93.hr\/cro\/?s={search_term_string}"},"query-input":{"@type":"PropertyValueSpecification","valueRequired":true,"valueName":"search_term_string"}}],"inLanguage":"hr"},{"@type":"Organization","@id":"https:\/\/dil-93.hr\/cro\/#organization","name":"Dil-93 d.o.o.","url":"https:\/\/dil-93.hr\/cro\/","logo":{"@type":"ImageObject","inLanguage":"hr","@id":"https:\/\/dil-93.hr\/cro\/#\/schema\/logo\/image\/","url":"https:\/\/dil-93.hr\/cro\/wp-content\/uploads\/2022\/04\/dil_logo_stari_cisti_favicon.png","contentUrl":"https:\/\/dil-93.hr\/cro\/wp-content\/uploads\/2022\/04\/dil_logo_stari_cisti_favicon.png","width":512,"height":512,"caption":"Dil-93 d.o.o."},"image":{"@id":"https:\/\/dil-93.hr\/cro\/#\/schema\/logo\/image\/"}}]}},"taxonomy_info":[],"featured_image_src_large":false,"author_info":{"display_name":"AdminS","author_link":"https:\/\/dil-93.hr\/cro\/author\/sstritof\/"},"comment_info":0,"_links":{"self":[{"href":"https:\/\/dil-93.hr\/cro\/wp-json\/wp\/v2\/pages\/34","targetHints":{"allow":["GET"]}}],"collection":[{"href":"https:\/\/dil-93.hr\/cro\/wp-json\/wp\/v2\/pages"}],"about":[{"href":"https:\/\/dil-93.hr\/cro\/wp-json\/wp\/v2\/types\/page"}],"author":[{"embeddable":true,"href":"https:\/\/dil-93.hr\/cro\/wp-json\/wp\/v2\/users\/2"}],"replies":[{"embeddable":true,"href":"https:\/\/dil-93.hr\/cro\/wp-json\/wp\/v2\/comments?post=34"}],"version-history":[{"count":0,"href":"https:\/\/dil-93.hr\/cro\/wp-json\/wp\/v2\/pages\/34\/revisions"}],"wp:attachment":[{"href":"https:\/\/dil-93.hr\/cro\/wp-json\/wp\/v2\/media?parent=34"}],"curies":[{"name":"wp","href":"https:\/\/api.w.org\/{rel}","templated":true}]}}